rue
Is 279159233 a composite number?
False
Is 56342723 prime?
False
Is 121083811 prime?
True
Is 193351 a prime number?
False
Is 11509829 composite?
False
Is 676044403 a composite number?
False
Is 134298799 composite?
True
Is 24874711 a prime number?
True
Is 49557011 a composite number?
True
Is 24401549 a composite number?
False
Is 962723 prime?
False
Is 7371823 a prime number?
False
Is 82366451 prime?
False
Is 307817 composite?
False
Is 3633029 a composite number?
False
Is 8078867 a prime number?
True
Is 4286489 a prime number?
True
Is 274025517 composite?
True
Is 55999787 a prime number?
True
Is 142944481 prime?
True
Is 164833159 a composite number?
False
Is 17272511 prime?
False
Is 1145831 composite?
False
Is 81707233 a prime number?
False
Is 136028617 a composite number?
True
Is 14993387 composite?
True
Is 3210917 composite?
False
Is 5413549 a prime number?
True
Is 220327 composite?
False
Is 6805991 a prime number?
True
Is 478391 a composite number?
False
Is 15766471 composite?
True
Is 2484353 a composite number?
False
Is 906329 prime?
True
Is 4048519 prime?
True
Is 188304653 a composite number?
False
Is 19661 composite?
False
Is 1536349 a prime number?
True
Is 326359 a composite number?
True
Is 439169 composite?
True
Is 1004851 composite?
True
Is 11388791 composite?
False
Is 1055029 a prime number?
False
Is 1779961 a composite number?
False
Is 257175671 a prime number?
True
Is 759223 a composite number?
False
Is 153846607 prime?
False
Is 61926929 a prime number?
True
Is 1780849 composite?
True
Is 3377 a prime number?
False
Is 158433563 composite?
False
Is 11680639 composite?
False
Is 301789 composite?
False
Is 13527193 prime?
False
Is 221909 a prime number?
True
Is 158804947 a composite number?
True
Is 3318563 composite?
True
Is 988313 a prime number?
True
Is 30683659 prime?
True
Is 1772723 a composite number?
False
Is 46354561 prime?
False
Is 50557526 prime?
False
Is 4797193 prime?
True
Is 13809265 prime?
False
Is 91356329 a composite number?
False
Is 35861811 composite?
True
Is 439265 composite?
True
Is 16166002 composite?
True
Is 44599537 a composite number?
True
Is 13371595 composite?
True
Is 226991 prime?
True
Is 4289471 a prime number?
True
Is 311830951 prime?
False
Is 127714201 a prime number?
True
Is 2676811 prime?
True
Is 60977897 composite?
True
Is 1112597 a composite number?
False
Is 610039 composite?
True
Is 321172871 a composite number?
False
Is 2827807 a composite number?
True
Is 9234449 composite?
True
Is 522878 prime?
False
Is 190447967 a prime number?
False
Is 117524593 a prime number?
True
Is 10947891 a composite number?
True
Is 141982831 a composite number?
False
Is 91079129 prime?
False
Is 1598207 a composite number?
True
Is 31240069 a composite number?
True
Is 428762923 composite?
False
Is 18332387 composite?
False
Is 433229 composite?
False
Is 288531553 prime?
True
Is 43009391 a composite number?
False
Is 10219109 prime?
False
Is 34462027 prime?
False
Is 22499101 prime?
False
Is 1227353 prime?
True
Is 2676457 a prime number?
False
Is 1517363 a prime number?
True
Is 10920127 a prime number?
False
Is 2682827 composite?
True
Is 90802819 composite?
False
Is 1226881 a composite number?
True
Is 149228897 prime?
False
Is 3614659 a composite number?
True
Is 1105127 a prime number?
False
Is 3547069 a composite number?
False
Is 807607 a prime number?
True
Is 3258854 a composite number?
True
Is 1177993 a composite number?
True
Is 1650919 composite?
True
Is 7347871 a composite number?
False
Is 2373289 composite?
True
Is 5573563 composite?
False
Is 818399 prime?
True
Is 99680107 composite?
False
Is 12491111 a composite number?
True
Is 29184299 a prime number?
False
Is 17639723 prime?
True
Is 271043369 prime?
True
Is 4267513 composite?
True
Is 100736249 composite?
True
Is 4513918 a composite number?
True
Is 877771 a prime number?
True
Is 396871 a prime number?
True
Is 415409 composite?
False
Is 3871883 a composite number?
False
Is 416989 prime?
True
Is 100232105 composite?
True
Is 1658567 prime?
False
Is 98041 prime?
True
Is 1031867 composite?
True
Is 24746549 a composite number?
True
Is 143515387 composite?
False
Is 25540349 a prime number?
True
Is 645587407 prime?
True
Is 10242073 composite?
False
Is 134920651 composite?
False
Is 81728203 a prime number?
False
Is 5112661 prime?
True
Is 24680099 a composite number?
False
Is 152023763 prime?
True
Is 11869951 a prime number?
False
Is 1616237 prime?
False
Is 516286579 a composite number?
True
Is 4839379 prime?
False
Is 1295603 a prime number?
True
Is 183218342 prime?
False
Is 1099571 composite?
True
Is 70188523 a prime number?
True
Is 6956627 prime?
False
Is 1952311 a prime number?
True
Is 32081221 a composite number?
True
Is 52065599 prime?
False
Is 3717089 a composite number?
True
Is 28476571 a prime number?
False
Is 28723309 composite?
False
Is 2610569021 a composite number?
False
Is 666490183 a prime number?
True
Is 19699571 a prime number?
True
Is 819885679 prime?
False
Is 14448451 a prime number?
False
Is 6046399 a prime number?
False
Is 6982691 composite?
False
Is 6646687 a prime number?
True
Is 1343023237 a prime number?
True
Is 44348791 a composite number?
False
Is 978641 composite?
True
Is 16481681 a prime number?
True
Is 9038591 a prime number?
False
Is 2082697 composite?
True
Is 89443437 a composite number?
True
Is 3653291 prime?
True
Is 37480931 composite?
True
Is 816950867 composite?
True
Is 72094613 composite?
True
Is 36742071 prime?
False
Is 2848087 prime?
False
Is 46426841 composite?
True
Is 2124467 prime?
True
Is 28741462 a prime number?
False
Is 240829 prime?
True
Is 1247371 a prime number?
True
Is 2234641 composite?
True
Is 444079 a composite number?
False
Is 12651901 prime?
False
Is 4419313 a composite number?
True
Is 5635141 a prime number?
True
Is 32683615 a composite number?
True
Is 30747107 a prime number?
False
Is 65030629 prime?
False
Is 1477381 a prime number?
True
Is 5209279 a prime number?
True
Is 2642257 prime?
True
Is 434981813 a prime number?
False
Is 1036829 prime?
True
Is 433361 composite?
False
Is 33323623 a composite number?
False
Is 341624249 a prime number?
True
Is 4134577 a composite number?
True
Is 1647739 a prime number?
False
Is 50958833 a prime number?
True
Is 604266337 a composite number?
True
Is 50437741 a prime number?
True
Is 1456534 a prime number?
False
Is 190513783 composite?
False
Is 920711 a composite number?
True
Is 979971 composite?
True
Is 461118983 composite?
True
Is 618552833 a composite number?
False
Is 408127 composite?
False
Is 3422773 prime?
True
Is 1879351 composite?
False
Is 62929303 prime?
False
Is 4621345 a prime number?
False
Is 58128473 a prime number?
False
Is 12905969 a composite number?
False
Is 109064587 a prime number?
True
Is 262800155 a prime number?
False
Is 151231331 prime?
True
Is 434253557 a composite number?
False
Is 149589791 prime?
False
Is 150429437 composite?
True
Is 149813 prime?
False
Is 4410487 composite?
True
Is 40718621 a prime number?
False
Is 219983021 a prime number?
True
Is 103157013 a composite number?
True
Is 720377 composite?
True
Is 477833497 a prime number?
True
Is 41990219 prime?
True
Is 1181591 prime?
False
Is 24673709 prime?
False
Is 105643 prime?
False
Is 78379219 prime?
True
Is 2312513 a prime number?
False
Is 540817451 composite?
False
Is 149375579 a prime number?
True
Is 193675499 a composite number?
False
Is 8002721 composite?
False
Is 12713 a composite number?
False
Is 6572243 prime?
True
Is 85493453 a prime number?
False
Is 6056553 composite?
True
Is 714381861 a composite number?
True
Is 52120109 composite?
False
Is 56948399 a composite number?
False
Is 152030443 composite?
False
Is 49074281 a prime number?
True
Is 92886289 prime?
False
Is 25670107 prime?
True
Is 243593429 a prime number?
True
Is 68933681 prime?
False
Is 22574327 a prime number?
True
Is 956831 prime?
True
Is 459058 a prime number?
False
Is 38660789 composite?
True
Is 41776151 a prime number?
False
Is 3534683 a prime number?
True
Is 3733363 prime?
True
Is 415217 prime?
False
Is 46346191 prime?
True
Is 1061713799 prime?
True
Is 9625619 composite?
False
Is 72266129 a prime number?
False
Is 4039583 a prime number?
True
Is 1723541 composite?
False
Is 4373807 composite?
True
Is 135428831 prime?
False
Is 8574793 